 0 = -t*j + 11 + 29. What is the units digit of j?
8
Let z = 8 - 12. Let t be (-2 - 2)*(-2)/z. What is the units digit of (0 - (-12)/(-3))/t?
2
Let g be 3/(-12) - (-615)/12. Suppose 0*m - 2*a + g = 3*m, m = a + 12. What is the tens digit of m?
1
Let t(g) = -g**2 - 6*g + 6. Let q be t(-6). Suppose 2*p - q = 5*p. What is the units digit of (0 + 0 - p)*2?
4
Suppose 3*p = -5*u - 9, -3*p = u - 7*p - 12. Let l be -2 + u - (-1 - 1). Suppose 3*d + l = 9. What is the units digit of d?
3
Let c(a) = a**2 - 9*a - 26. What is the units digit of c(18)?
6
Let h(o) = -18*o + 3. Let f(v) = -9*v + 1. Let r(a) = 5*f(a) - 3*h(a). What is the units digit of r(3)?
3
Let m = 86 - 51. Suppose -k - 11 = -3*f + f, -5*f + k = -m. What is the units digit of f?
8
Let w(c) = 21*c - 1. Let u be w(2). Suppose u + 31 = 3*r. What is the tens digit of r?
2
Suppose -2*u + 7*u = -c + 72, -5*u = -5*c - 60. Let f(i) = -i**3 + 6*i**2. Let r be f(6). Suppose l - 3*l + u = r. What is the units digit of l?
7
Let s(q) = -18*q**3 - q - 1. Let l be s(-1). Suppose l = -4*w + 6*w. What is the units digit of w?
9
Suppose -2*v = 5*x - 434, v - 431 = -5*x - 2*v. What is the tens digit of x?
8
Suppose 0 = -m + 3*m - 2. What is the units digit of m?
1
Let d be (-6)/(-27) + (-34)/(-9). Suppose 28 = d*b - 0*b. Suppose 2*s + y + b = 5*s, y = s - 3. What is the units digit of s?
2
Let x = -103 + 213. What is the units digit of x?
0
Suppose 3*n - 1 = 2*r, 0 = -3*r + 4*r - 2*n + 2. Suppose -r*u + 50 = -66. What is the tens digit of u?
2
Let a = -21 + 8. Suppose v = 3*r + 30, 0*r - 3*r = 2*v - 24. Let o = a + v. What is the units digit of o?
5
Let p(y) = 2*y - 4. Let k be p(4). Suppose -3*s = k*v - 18, -s - 36 = -4*s + 2*v. What is the units digit of s?
0
Let a = -36 + 62. What is the tens digit of a?
2
Let u be 301/4 - 4/16. Suppose -u = p - 6*p. What is the units digit of p?
5
Let r(i) = 23*i - 17. Let c(k) = -8*k + 6. Let p(s) = 17*c(s) + 6*r(s). What is the units digit of p(7)?
4
Suppose 4*a - 59 + 11 = 3*w, 3*w = -4*a + 72. What is the units digit of a?
5
Suppose 0 = 4*s - 98 - 38. Suppose 0 = -2*p - 14 + s. What is the units digit of p?
0
Suppose -4*u = -840 - 88. What is the hundreds digit of u?
2
Let c(r) = 2*r**2 + 6*r - 4. What is the units digit of c(-5)?
6
Let h = -2 - -4. Let n = 2 + h. Suppose -5*w - l = -32, -8*w + 2*l = -n*w - 34. What is the units digit of w?
7
Let c(a) = 2*a. Let l be c(2). Let i = 9 - l. Suppose -2*y + i*v = -26, y - 5*y + v + 52 = 0. What is the units digit of y?
3
Suppose 4*m + m = 0. Suppose -2*p = m, -5*b + 8 = -5*p - 2. Suppose -14 = 2*o - 4*v, -4*v + 17 + b = 3*o. What is the units digit of o?
1
Let g = -15 - -18. What is the units digit of g?
3
Let h(n) = -3*n**3 - 2*n**2 + 3*n + 2. Let u(j) = 3*j**3 + 2*j**2 + 2*j + 1. Let b be u(-1). What is the tens digit of h(b)?
1
Suppose -3*o + 5 = -2*r, 0 = -3*r + 20 - 5. What is the units digit of o?
5
Suppose 13*r - 7*r = 246. What is the units digit of r?
1
Let h(r) = -2*r + 2. Let u(q) = q**2 - q + 4. Let k be u(0). Suppose 4*j + 0*i + 24 = 2*i, k*j - i = -24. What is the tens digit of h(j)?
1
What is the units digit of 4*(1 - 3/12)?
3
Suppose 3*t = 3 + 6. Let m(x) = t*x**2 - 4*x**2 - 10*x + 4*x + 2. What is the units digit of m(-6)?
2
Suppose 24 = -2*x - 4*h, -x + 24 = -4*x - 2*h. Let l = 6 + x. Suppose i - 2 = -l*i. What is the units digit of i?
2
Let k be 6/((-5)/((-70)/4)). Let y = 39 - k. What is the units digit of y?
8
Let i = 13 + -8. Suppose 0 = i*g + 5, 10*g - 5*g = -2*o + 5. Suppose l = o - 0. What is the units digit of l?
5
Let d be (-477)/27 - 1/3. Let m = d + 33. Suppose 2*v = -4*i + 10 + 30, 5*i - m = 0. What is the units digit of v?
4
Suppose 20 = 4*m + 4*h, 0*m + 2*m - 22 = -5*h. Suppose 9 - m = 2*k. Suppose 0 = 5*p - 9 + 29, -k*p - 31 = -3*l. What is the units digit of l?
5
Suppose -3*r - n = r - 28, 3*r = 3*n + 36. Suppose 9*j - 3*g - 141 = 4*j, -4*g - r = 0. What is the units digit of j?
7
Let r(b) = 5*b**3 + 10*b**2 - 2. Let x(g) = -9*g**3 - 19*g**2 - g + 3. Let v(j) = -7*r(j) - 4*x(j). What is the units digit of v(-5)?
7
Suppose 5*s - 14 = 6. Suppose 5*z - z = 8. Suppose -z*f = -5*j + 1, -4*f + s*j + 3 = -13. What is the units digit of f?
7
Let m(f) = f**3 - 11*f**2 - 15*f - 9. Let c(l) = l**3 + 5*l**2 + l - 3. Let k be c(-3). Let y be m(k). What is the units digit of (-72)/y*10/4?
4
What is the tens digit of (-22)/(-99) - (538/(-9) + 1)?
5
Let o be (1/2)/((-6)/(-36)). Suppose 3*v = v + x + 129, v - o*x - 57 = 0. Suppose -2*m + 67 = 3*m + 4*l, 3*l = 4*m - v. What is the units digit of m?
5
Let r = -2 + 6. Suppose -r*o + 54 = -o. What is the units digit of o?
8
Let o(s) = 3*s + 12. Let j be o(10). Let k = j - 28. What is the tens digit of k?
1
Suppose 0*h + 2*q - 72 = 3*h, -3*q - 35 = 2*h. What is the units digit of (-10)/55 + (-180)/h?
8
Let x(i) = -5*i**2 + 3*i + 3. Let c(z) = 4*z**2 - 4*z - 2. Let b(h) = 6*c(h) + 5*x(h). Let s be -2 + -1 + (-5)/1. What is the units digit of b(s)?
1
Suppose 0 = 2*w + 2*o + 4, o = 3*o + 10. Suppose -2*t = w*t - 40. What is the units digit of t?
8
Suppose 4*s - m - 10 = 15, 4*s = 3*m + 27. Suppose -5*t = -4*g + s, 2*t + 16 = 6*t + 2*g. Suppose 0*l = t*l - 26. What is the tens digit of l?
1
Let c(g) = g - 8. Let a be c(9). Let p = a - -2. Let u(i) = 2*i**2 - i - 2. What is the tens digit of u(p)?
1
Suppose 0 = 4*z + 4*i - 32, 3*z + 2*z = -i + 28. What is the units digit of z?
5
Suppose p = 4 - 0. Suppose p*c = c + 54. What is the units digit of c?
8
What is the units digit of (-4)/6 - (-60)/9?
6
Suppose k = -2 - 0. Let c = k - -4. Suppose -7*u = -c*u - 20. What is the units digit of u?
4
Suppose 4 = 4*p - 212. What is the units digit of p?
4
Let i be (-5)/(-20) - 5/4. Let y(b) = -22*b - 1. What is the tens digit of y(i)?
2
Let q(g) = -g**3 - 9*g**2 + 8*g + 7. What is the units digit of q(-10)?
7
Let b(h) = 4*h**2 + 6*h + 4. Let w(l) = -3*l**2 - 5*l - 3. Let r(s) = 5*b(s) + 6*w(s). Let u be r(-2). What is the units digit of u + (2 + -3)*2?
8
Suppose 4*d - 5*d + 2 = 3*z, 4*d - 8 = z. Suppose -6*a - a + 308 = z. What is the units digit of a?
4
Let b = 4 + -11. Let g = -6 - b. What is the units digit of g?
1
What is the tens digit of (43/(-2))/(1/(-24)*2)?
5
Let u(z) = -z**3 - 3*z**2 + 3*z - 2. Let f be u(-4). Suppose 2*p - l - 9 = 0, 3*p = 2*p - l - 3. Suppose -f*q - p*q + 32 = 0. What is the units digit of q?
8
What is the units digit of 0 - (-137 - (3 - 1))?
9
Suppose 4*x - 44 - 100 = 0. What is the units digit of x?
6
Suppose 0*n - n + 2 = 0. Suppose n*r = -2*r - 100. What is the tens digit of (-62)/(-5) + 10/r?
1
Let w be 0*(1 - 3/6). Let m(s) = 3 + s + w - 1. What is the tens digit of m(8)?
1
Suppose 5*z - 4*s - 155 = 0, -1 = 2*z + 5*s - 30. What is the units digit of z?
7
Let z(p) = p**2 + 3*p + 4. Suppose 5*y + 5 = 5*w, -y - 2*w + 0*w = 13. What is the units digit of z(y)?
4
What is the tens digit of 2/2 - (-82 + 5)?
7
Suppose 0 = 5*l + 10 - 5, -5*f + 5*l = -700. What is the hundreds digit of f?
1
Suppose 2*f - 8 = 3*t, -2*f - 4*t + 14 - 6 = 0. Suppose -r = 1 - f. What is the units digit of r?
3
Suppose 69 = v - 0*d - 2*d, 137 = 2*v - 3*d. What is the units digit of v?
7
Suppose 0 = -5*q - 9 + 249. What is the tens digit of q?
4
Suppose 8*g = -3*g + 1859. What is the hundreds digit of g?
1
Let q(z) = -2*z**2 + 12*z + 5. Let v(i) = -5*i**2 + 35*i + 16. Let x(t) = 8*q(t) - 3*v(t). What is the tens digit of x(-6)?
1
Suppose 3*g + 3*x - 108 = 0, -3*g + 172 = 2*g - 3*x. Suppose -4*v + g = 7. What is the units digit of v?
7
What is the tens digit of 26/39 + 398/6?
6
Suppose 9*x + 190 = 1549. What is the hundreds digit of x?
1
Suppose 0 = -b + 2*g + 63, -122 = -2*b - g + 4*g. What is the units digit of b?
5
Suppose 8*g - 5*g - 513 = 0. What is the units digit of g?
1
Let s = -7 - -9. Suppose -4*j = 5*n + 44 - 1, 5*j + 24 = -s*n. Let i = n - -11. What is the units digit of i?
4
Suppose 5*n - 4*m - 39 = 12, -4*n + 3*m = -41. Suppose -3*p = 15, 0 = -q + 3*p + n + 5. Let v = 7 - q. What is the units digit of v?
6
Let v(p) = -p**3 + 7*p**2 - 5*p - 3. Let r be v(6). Suppose w = r*w - 2. Let g = 2 - w. What is the units digit of g?
1
Let k = 43 + -2. What is the tens digit of k?
4
Let i(k) = k**3 - k**2 + k + 5. Let h be i(0). Suppose -5*x = -3*l - 69, h*l - 43 = -5*x 